s (p/(-3) + -1)*18 a multiple of 5?
False
Let p(s) be the first derivative of 22*s**3/3 + s**2 + 3*s - 1. Is 28 a factor of p(-2)?
False
Is 2566/10 - (3 + 60/(-25)) a multiple of 16?
True
Let x = 52 + -30. Suppose 6*k - 2*k - 85 = -5*d, k + 2*d = x. Is 14 a factor of k?
False
Let i(q) = 2*q - 9. Let x be i(6). Suppose 3*w = x + 18. Is w a multiple of 7?
True
Let s(f) = -3*f - 10. Let y be s(-6). Let r(u) = u**3 - 6*u**2 - 12*u + 4. Does 18 divide r(y)?
True
Let o = -89 - -138. Let j = o + -25. Is 8 a factor of j?
True
Suppose 2*p + 9 = 5*p. Let m(s) = 4*s**2 + s + 1. Is 10 a factor of m(p)?
True
Let g(x) = 9*x**2 - 6*x - 3. Let b(w) = -8*w**2 + 5*w + 3. Let r(j) = -5*b(j) - 4*g(j). Is r(3) a multiple of 15?
True
Let z be 2/(-4) - 28/(-8). Let h(n) = n**2 - 6*n - 2 - 1 + z*n. Does 3 divide h(5)?
False
Let x(k) = 2*k - 3. Let v be x(3). Suppose 5*g = 5*l + 275, -3*g - v*l + 155 = -l. Is g a multiple of 21?
False
Let n = 349 + 89. Suppose 3*w + 0*w = -n. Is w/(-6) + 6/9 a multiple of 9?
False
Let z(t) = -2*t - 4. Let a be z(-4). Suppose -2*j - 3*k + 49 = -1, j - 4*k = 36. Suppose -a*g + 68 = -j. Is 12 a factor of g?
True
Let c = -70 + 163. Is c a multiple of 31?
True
Let h = -25 + 50. Suppose -o - 15 = r - 4*r, -4*o - h = -5*r. Suppose 3*t + 4*v = 137, r*v - 84 = -4*t + 97. Does 13 divide t?
True
Let t = -7 + 7. Suppose 3*o - 12 = -t*o. Does 3 divide o?
False
Let m(x) be the first derivative of x**4/24 + x**3/6 - x**2 + 1. Let v(z) be the second derivative of m(z). Is v(2) even?
False
Let r be (-1 - -2)*52/(-4). Let m = -6 - r. Does 7 divide m?
True
Is 20 a factor of (-1 - -4*1) + 3 + 65?
False
Let f be 26/6 + 6/9. Suppose -5*a = -5*y + 2*y - 34, 4*y - 3*a = -38. Does 8 divide ((-10)/f)/(1/y)?
True
Let f(x) = 2*x**2 + 13*x + 13. Let m be f(-9). Suppose 0 = 3*i + 3*l - l - m, 5*i - 82 = 4*l. Is 18 a factor of i?
True
Let g be 10/4*(7 - 1). Suppose -g = -t + 6*t. Does 2 divide (2/t)/((-3)/18)?
True
Let m = 72 - 29. Let k = m + -25. Is 18 a factor of k?
True
Suppose -3*m - 104 = -17. Let k = 44 + m. Does 5 divide k?
True
Let v be 1/2*12/2. Suppose -12 = v*m - 6*m. Suppose -3*g + 16 = m. Does 4 divide g?
True
Suppose 3*f - 5*x = 4, -5*x + 14 = 3*f - 0*f. Suppose 2*i - 3*i = -36. Suppose v = -f*v + i. Is 6 a factor of v?
False
Let b(i) = i**3 + 5*i**2 + i + 3. Let g be b(-5). Is (g + -1)/(6/(-76)) a multiple of 11?
False
Suppose -8 + 2 = -3*d. Suppose 3*w + 0*g - g - 4 = 0, 0 = -d*w + 2*g + 8. Let u(h) = -h + 16. Is 8 a factor of u(w)?
True
Let o = -131 - -314. Suppose 2*x - 126 - 1 = r, -3*x + o = r. Is x a multiple of 22?
False
Let f(p) = 2*p - 4. Let n be f(2). Suppose -4*q + 122 = 2*h - 6*q, n = -h + 2*q + 59. Is h a multiple of 14?
False
Does 8 divide 4/28 + ((-894)/(-7))/2?
True
Let b be 1/(-4) - 3/(-12). Let n = 5 + b. Suppose -4*r - 23 = -5*o - 3*r, -n*r = -2*o. Does 3 divide o?
False
Let h be (-1)/((-3)/(-3))*1. Is 7 a factor of (-16 + 0)/(-1 + h)?
False
Suppose 16 = 4*p + 2*k, -5*p - 4*k + 20 + 6 = 0. Does 2 divide p?
True
Suppose -5*j + 54 = -56. Is 22 a factor of j?
True
Let p = 5 + -2. Suppose -u = -5*x + 214, 0 = 3*x + 2*x - p*u - 222. Is x a multiple of 24?
False
Suppose 3106 = 10*s + 186. Is 33 a factor of s?
False
Is 52 a factor of ((-525)/(-20))/((-2)/(-8))?
False
Suppose 0 = 5*a + 2*u - 11, -4*a + 7 = -u - 7. Suppose 2*i + 4*r - a*r = 98, 5*i = -3*r + 243. Is 12 a factor of i?
False
Let x be 2/(-3) - (-104)/(-24). Let y(i) = -2*i. Is y(x) a multiple of 5?
True
Suppose p + 12 = 3*s + 2*s, 0 = 3*p + 3*s + 72. Let h be 4/6 + 22/(-6). Is 16 a factor of 3*h/6*p?
False
Suppose 3*h = 5*v - 861, 5*h + 0 - 15 = 0. Suppose 3*t - 4*b = -2*b + v, 3*t + 4*b = 174. Is 16 a factor of t?
False
Let z be (-2 - -2)*(-3)/(-9). Suppose -3*q = 5*f - 83, -q + z*f = f - 29. Is q a multiple of 14?
False
Let i(r) = r**2 - 5*r. Let t be 9 - (1 - -1 - 1). Is i(t) a multiple of 14?
False
Let p(b) = b**3 + 3*b**2 - 2*b + 5. Suppose 7*g - 2*g = -5*f - 20, 4 = -f - 4*g. Let r be p(f). Is 1*(0 - -2 - r) a multiple of 2?
False
Let l = 16 + 0. Does 15 divide l?
False
Let q(c) = -c**3 + 23*c**2 + 6*c + 2. Is 43 a factor of q(23)?
False
Suppose -p = -0*p - 2. Suppose 3*o - 10 = 2*w, o = w + p + 1. Is (0 + w)*(1 - -2) a multiple of 3?
True
Let i(p) = 74*p**2 - 5*p + 14. Let o(w) = -25*w**2 + 2*w - 5. Let z(f) = 4*i(f) + 11*o(f). Suppose k = 4*b - 4*k + 19, 0 = -5*k + 15. Is 14 a factor of z(b)?
False
Let a(k) = 8*k**2 + k - 2. Let h = -1 - 1. Does 16 divide a(h)?
False
Let p(d) = d**3 + 11*d**2 + 13*d + 22. Is 5 a factor of p(-8)?
True
Let t(g) = g**3 - 10*g**2 - 16*g - 12. Is t(12) a multiple of 18?
False
Suppose -4*o + 5*x = 209, o + 5*x + 66 = -5. Let s be 774/(-14) - 16/o. Let k = s - -85. Is 17 a factor of k?
False
Suppose x = 4*x. Suppose x = -3*p + 27 + 6. Suppose p = j - 11. Is 11 a factor of j?
True
Suppose i - 38 = -18. Does 4 divide i?
True
Let o be 567/6 + (-1)/2. Let k = 2 - 2. Suppose -2*n - 2*n - d + o = 0, k = -5*n + 3*d + 126. Is 12 a factor of n?
True
Let m(b) = -5*b - 3. Let w(f) = -6*f - 3. Let l(r) = 5*m(r) - 4*w(r). Let q be l(3). Is 21 a factor of (14/q)/((-3)/54)?
True
Suppose 0 = -2*f + 5*f - 15, -4*r + 2*f + 2 = 0. Suppose -62 = r*o + 61. Does 5 divide o/(-3) + (-2)/(-6)?
False
Let v(o) = o**2 - 2*o - 1. Let g be v(5). Let b(h) = -4*h**3 - 3*h**2 - h + 2. Let z be b(-2). Let a = z - g. Does 5 divide a?
True
Let c be 3*3*28/36. Suppose n + 387 = -2*t - 344, 2*n - 2*t = -1474. Is 1/(-3)*n/c a multiple of 17?
False
Let i be (-1)/(-3) + 16/24. Is (-53)/(-3) + i/3 a multiple of 8?
False
Suppose -6*p - 25 = -11*p. Suppose m = p*c + 5*m - 41, 0 = 4*c - m - 37. Does 9 divide c?
True
Let f be (9/2)/((-9)/(-12)). Let i(c) = -8*c - 13. Let p(g) = -7*g - 12. Let y(t) = 4*i(t) - 5*p(t). Is y(f) a multiple of 13?
True
Suppose -81 = -4*i - w - 26, 0 = i - w - 10. Does 3 divide i?
False
Suppose 2*d - 25 = -3*b, 3*b - 25 = -b - d. Let w = b + -5. Suppose -4*y + 0*y + 96 = w. Is y a multiple of 12?
True
Let u be (18 - 6)*(-1)/(-3). Suppose -8*l = -u*l - 40. Is 5 a factor of l?
True
Let j(l) be the first derivative of 5*l**3/3 + l**2/2 + 1. Let g be j(-1). Suppose 2*b = -2*v + 12 + 4, b = -g*v + 38. Is v a multiple of 5?
True
Let w(l) = l**2 - 2*l + 1. Let x be w(5). Is 4 a factor of ((-3)/2)/((-3)/x)?
True
Let v(p) = p**3 - 13*p**2 + 4. Is 3 a factor of v(13)?
False
Suppose -4*g - 2*o + 13 = o, -14 = -3*g + 2*o. Let h be (-7 - -1)*(-2)/g. Does 7 divide (h/(-2))/(5/(-30))?
False
Let a(w) = 2*w + 6. Let l be 9 + -6 + 3 - -1. Does 5 divide a(l)?
True
Let z(l) = l**2 + 10*l + 3. Let f be z(-10). Is 5 a factor of (3 - (f - -3)) + 18?
True
Suppose x + 3*o + 15 = 0, x + 12 = -2*o + 2. Suppose x = 4*d - 4*s - 132, 4*d - 40 = -5*s + 83. Does 7 divide d?
False
Let p = 658 + -326. Is 13 a factor of p?
False
Suppose 5*x + 4*c - 5 = 0, -4*x + c - 5*c = 0. Suppose i + 2*b - 6 = 0, -x*i - 2*b + 6*b = -58. Let f(g) = g + 7. Does 12 divide f(i)?
False
Let f(d) = -2*d + 68. Is f(14) a multiple of 23?
False
Let w(p) be the third derivative of p**4/12 - p**3 + 2*p**2. Let s(g) = -g - 4. Let x be s(-9). Does 4 divide w(x)?
True
Let p = 30 - -47. Is 29 a factor of p?
False
Let j(c) = 3*c - 8*c - 6*c**2 + c**3 + 7 - 3*c. Let v be j(7). Suppose v*a + 2*f - 160 = -4*a, -3*f = -5*a + 211. Does 20 divide a?
False
Let s(x) = 3*x + 12. Let r be s(-8). Suppose 3*i + 37 = -44. Let u = r - i. Is u a multiple of 8?
False
Let s = 133 - 93. Does 15 divide s?
False
Let j be 0 + 0 - (-6)/2. Suppose -4*o + 59 = s, 0*o + 4*s - 54 = -j*o. Is o a multiple of 6?
False
Suppose 6*b - 16 - 38 = 0. Is b a multiple of 2?
False
Let h(x) = 2*x**2 + 9*x - 3. Let g be h(-5). Let v = g - -6. Is 4 a factor of v?
True
Let o be (-7)/((-28)/8)*40. Suppose 5*f - o - 225 = 0. Is f a multiple of 26?
False
Suppose -x + 21 = y, 0 = y - 3*x + x - 18. Is y a multiple of 8?
False
Let b = -21 - -31. Let i = b + 13. Is 10 a factor of i?
False
Let d(x) = x**2 - 1. Let f(j) = j - 1. Let i(a) = d(a) - 5*f(a). Does 9 divide i(-5)?
True
Let i = -3 - -27. Suppose -s + i = s. Is 6 a factor of s?
True
Let o = -237 - -382. Let s = o - 99. Does 11 divide s?
False
Suppose 0 = 2*l - l - 45. Let v = l - 21. Is 15 a factor of v?
False
Does 11 divide ((-44)/12)/(3/(-27))?
True
Suppose -r = -2*r + 9. Let h = r + -6. Suppose 9*x - 90 = 4*